e c(22).
-26
Let l(k) = -k**2 + 2. Determine l(5).
-23
Let q(d) = -2*d**3 - 4*d**2 - d + 6. What is q(-3)?
27
Let a(b) = b**3 + 29*b**2 + 32*b + 104. What is a(-28)?
-8
Let m(z) = -2*z - 4. Determine m(-6).
8
Let d(y) = -y**3 + 17*y**2 + 17*y + 21. What is d(18)?
3
Let v(n) = -n**3 + 13*n**2 + 20*n - 1. What is v(14)?
83
Let u(g) = g**2 + 21*g + 115. What is u(-11)?
5
Let q(p) = p + 5. Calculate q(4).
9
Let x(o) = 17*o**2 - o - 1. Calculate x(1).
15
Let i(x) = -3*x - 34. Determine i(-12).
2
Let i(k) = 23*k - 60. What is i(5)?
55
Let f(t) = -6*t. Give f(1).
-6
Let n(r) = 2*r**2 - 5*r - 25. Give n(7).
38
Let v(i) = i**3 - 2*i**2 + 13*i - 31. Calculate v(3).
17
Let h(x) = 2*x**2 + 21*x - 29. Determine h(-12).
7
Let g(n) = -23*n**2 - 63*n + 17. Give g(-3).
-1
Let f(i) = 3*i - 2. Calculate f(7).
19
Let v(p) = p**2 + 12*p + 7. Give v(-10).
-13
Let q(h) = 44*h + 780. Calculate q(-18).
-12
Let s(r) = r**3 - 3*r**2 - 2*r + 5. Determine s(3).
-1
Let t(v) = -v**2 + 4*v + 5. Give t(-5).
-40
Let s(n) = 2*n**3 + 9*n**2 + 3*n + 7. Determine s(-3).
25
Let v(l) = -l**3 - 5*l**2 + 7*l + 1. Determine v(-6).
-5
Let o(z) = 6*z**2 - 2*z - 1. What is o(-1)?
7
Let c(v) = 8*v + 77. Calculate c(-10).
-3
Let o(k) = -3*k - 33. Calculate o(-11).
0
Let y(c) = c**3 + c**2 + 2*c + 4. Calculate y(0).
4
Let n(l) = -l**2 - 10*l - 3. Give n(-4).
21
Let t(l) = -4*l - 2. Calculate t(1).
-6
Let x(w) = w**3 - 7*w**2 + 5*w - 1. Calculate x(6).
-7
Let p(s) = -2*s**3 + 3*s**2 + 7*s - 17. Give p(4).
-69
Let v(l) = l - 29. Give v(19).
-10
Let o(j) = -j**2 + 9*j + 8. Calculate o(7).
22
Let v(t) = 2*t**3 - 13*t**2 - 2*t - 34. Determine v(7).
1
Let w(u) = 44*u - 12. What is w(2)?
76
Let m(s) = 7*s - 6. Calculate m(2).
8
Let t(p) = -2*p + 5. What is t(8)?
-11
Let o(r) = -2*r**2 - 9*r + 70. What is o(-9)?
-11
Let y(l) = l**3 + 32*l**2 + 27*l - 117. Determine y(-31).
7
Let v(t) = t**2 + 21*t + 6. What is v(-22)?
28
Let t(u) = u**3 + 8*u**2 + 6*u + 8. Give t(-8).
-40
Let a(y) = -4*y**2 - 296*y - 15. Calculate a(-74).
-15
Let d(c) = -c**3 + 4*c**2 + 6*c. Calculate d(5).
5
Let m(v) = -15*v**2 - 3*v + 5. Determine m(2).
-61
Let v(c) = -6*c**2 - 5*c - 4. Give v(-4).
-80
Let q(h) = h**3 + 10*h**2 - h - 11. What is q(-10)?
-1
Let v(l) = -l**3 + 8*l**2 - 6*l - 14. Give v(7).
-7
Let c(z) = -2*z**2 + 46*z + 215. Give c(27).
-1
Let m(p) = p**3 + 18*p**2 + 25*p + 34. Give m(-17).
-102
Let k(n) = n**2 - 2*n + 6. Calculate k(0).
6
Let d(j) = -9*j - 112. Calculate d(-12).
-4
Let o(k) = 3*k**3 - 4*k**2 + 4*k + 10. Determine o(3).
67
Let s(m) = m**3 - 23*m**2. Give s(23).
0
Let b(g) = 3*g - 20. Give b(-11).
-53
Let k(i) = i**3 - i**2 - 3*i - 1. Determine k(2).
-3
Let g(z) = -9*z**3 + 107*z**2 + 14*z - 3. Calculate g(12).
21
Let s(m) = -m**3 - m**2 + m + 16. Determine s(0).
16
Let o(i) = -i**3 - 4*i**2 - i + 7. Determine o(-3).
1
Let w(i) = -4*i + 146. Give w(36).
2
Let k(b) = -2*b - 28. What is k(-14)?
0
Let v(b) = b**3 + 3*b**2 - b - 6. What is v(0)?
-6
Let v(a) = -a**2 + 4*a - 6. Give v(7).
-27
Let j(l) = -l**3 + 14*l**2 + 4*l - 46. What is j(14)?
10
Let k(b) = 2*b**2 - 18*b - 14. What is k(7)?
-42
Let j(m) = -m**2 + 9*m - 17. Give j(13).
-69
Let h(s) = -s**3 - 5*s**2 + 56*s + 288. What is h(-7)?
-6
Let u(a) = -a**3 - 5*a**2 + 6*a + 6. Give u(-3).
-30
Let y(l) = 10*l + 2. What is y(-7)?
-68
Let f(p) = p**2 - 17*p + 31. Give f(15).
1
Let g(v) = 7*v + 171. Determine g(-27).
-18
Let q(u) = -3*u + 1. Determine q(-7).
22
Let n(v) = v**3 - 12*v**2 + 26*v - 13. What is n(10)?
47
Let i(x) = 13*x + 6. Calculate i(0).
6
Let x(i) = -3*i + 20. What is x(8)?
-4
Let b(c) = 4*c**2 - 19*c + 35. What is b(7)?
98
Let n(f) = -f**2 - 7*f + 684. Determine n(-30).
-6
Let s(j) = -12*j + 7. Determine s(1).
-5
Let f(r) = -r**3 + 15*r**2 - 27*r + 7. Calculate f(13).
-6
Let i(l) = l**3 + l**2 - l. Determine i(1).
1
Let b(c) = c**3 + 9*c**2 - 11*c + 2. Calculate b(-10).
12
Let d(c) = -18*c + 43. Calculate d(3).
-11
Let j(f) = 5*f - 6. What is j(2)?
4
Let k(q) = 14*q**3 - q**2 - 3*q + 3. Give k(1).
13
Let c(t) = 4*t + 41. Give c(-11).
-3
Let j(p) = 9*p + 4. Give j(5).
49
Let c(j) = 4*j - 2. Determine c(-3).
-14
Let w(k) = 4*k - 9. Determine w(4).
7
Let c(h) = h**2 - 29*h + 200. Calculate c(10).
10
Let g(q) = 7*q - 22. What is g(4)?
6
Let n(h) = -4*h**2 - 2*h - 3. Give n(-1).
-5
Let f(b) = -3*b**3 + 12*b**2 + 9*b - 20. Give f(4).
16
Let r(t) = 9*t + 31. What is r(-3)?
4
Let s(v) = v**3 - 3*v**2 - 37*v - 15. Calculate s(8).
9
Let g(c) = c**3 + 9*c**2 - 19*c + 19. Give g(-11).
-14
Let z(g) = 2*g**2 + 1. Calculate z(-2).
9
Let p(c) = c**2 + 36*c - 88. Calculate p(-38).
-12
Let v(w) = w - 7. Calculate v(3).
-4
Let f(o) = -2*o**2 - 15*o - 5. Give f(-7).
2
Let s(n) = 4*n**3 + 21*n**2 - n + 8. Calculate s(-5).
38
Let g(v) = -57*v - 518. What is g(-9)?
-5
Let y(u) = -u**3 + 6*u**2 + 5*u - 8. Determine y(6).
22
Let g(w) = -w**3 + 6*w**2 - w + 6. Determine g(6).
0
Let u(a) = -a**3 - a**2 + a - 7. Calculate u(0).
-7
Let f(n) = 4*n**2 - 130*n + 20. Determine f(32).
-44
Let q(f) = 2*f - 7. Determine q(2).
-3
Let t(p) = -3*p**2 - 5*p - 1. Calculate t(-2).
-3
Let x(b) = -b**2 + 16*b + 123. Give x(-6).
-9
Let u(w) = w**3 - 26*w**2 + 46*w + 41. Give u(24).
-7
Let q(w) = 5*w + 4. What is q(-2)?
-6
Let y(l) = -l**2 + 9*l + 4. Determine y(10).
-6
Let y(c) = c**3 + 9*c**2 + 19*c + 5. Determine y(-6).
-1
Let d(c) = c**2 + 9*c - 10. Calculate d(-12).
26
Let w(v) = v**3 + 4*v**2 - 7*v + 6. Determine w(4).
106
Let m(q) = -7*q - 130. What is m(-16)?
-18
Let b(a) = a**3 + 12*a**2 + a - 8. Determine b(-12).
-20
Let u(f) = f**2 - 24*f - 486. Calculate u(37).
-5
Let n(b) = -5*b**3 + 34*b**2 + 7*b - 4. Give n(7).
-4
Let f(z) = -29*z + 42. What is f(7)?
-161
Let f(z) = -z**3 - z**2 - z - 2. Calculate f(-3).
19
Let p(k) = k**2 + 11*k + 5. What is p(-11)?
5
Let r(j) = j**2 + 2*j - 7. Give r(-3).
-4
Let f(g) = -3*g**2 + 1. Calculate f(-1).
-2
Let c(r) = r**3 + 3*r**2 + 3*r + 10. Determine c(-5).
-55
Let m(y) = -y**2 + 10*y - 4. Give m(12).
-28
Let i(l) = 4*l - 28. Calculate i(7).
0
Let z(i) = i**3 + 4*i**2 - 3*i - 1. Give z(-3).
17
Let p(m) = m + 11. Calculate p(-11).
0
Let d(a) = a**2 - 10*a - 11. What is d(11)?
0
Let o(t) = -41*t - 85. Calculate o(-3).
38
Let f(q) = -5*q**3 - 5*q**2 - 3*q - 1. What is f(-3)?
98
Let z(s) = s**3 + 9*s**2 - 10*s - 7. What is z(-10)?
-7
Let k(c) = -c**2 - 3*c - 13. Calculate k(-5).
-23
Let o(u) = u**3 - 5*u**2 - 10*u + 9. Determine o(6).
-15
Let i(a) = 3*a**2 - 39*a - 9. What is i(13)?
-9
Let u(q) = q**3 + 3*q**2 - q + 4. Determine u(-3).
7
Let d(g) = -g**3 - 8*g**2 + 11*g + 13. What is d(-9)?
-5
Let f(k) = k**3 + 4*k**2 - 2*k - 2. What is f(-3)?
13
Let w(l) = 6*l**2 - 5*l - 20. What is w(-5)?
155
Let y(i) = 2*i**2 + 19*i - 1. What is y(-9)?
-10
Let u(t) = t**3 - 20*t**2 + 13*t + 27. Calculate u(19).
-87
Let s(c) = -c - 12. What is s(-17)?
5
Let v(b) = b**2 + b + 3. What is v(-6)?
33
Let s(k) = -6*k**2 + 3*k + 2. Give s(-1).
-7
Let y(d) = -2*d + 39. Calculate y(21).
-3
Let g(d) = 10*d - 7. What is g(6)?
53
Let t(k) = 96*k + 9. Give t(1).
105
Let y(w) = 2*w + 19. Calculate y(-9).
1
Let v(h) = -h**3 + 8*h**2 - h - 19. Determine v(8).
-27
Let a(y) = 7*y**2 + 28*y + 8. What is a(-4)?
8
Let i(g) = 5*g**2 + 30*g + 36. Determine i(-4).
-4
Let j(i) = 15*i + 2. What is j(1)?
17
Let s(t) = -6*t**2. What is s(1)?
-6
Let v(f) = -9*f - 51. Determine v(-6).
3
Let o(q) = 25*q - 1. Calculate o(1).
24
Let z(w) = 3*w**3 + 20*w**2 - 6*w + 8. Determine z(-7).
1
Let c(i) = i**3 + 6*i**2 - i - 9. Determine c(-3).
21
Let t(q) = q**2 - 9*q + 2. Give t(9).
2
Let q(v) = v**3 + 11*v**2 + 7*v - 8. Give q(-10).
22
Let l(m) = m**3 + m**2 + m + 8. Determine l(0).
8
Let s(k) = -2*k**2 + 8*k - 15. Give s(6).
-39
Let j(h) = -h**2 - 10*h - 30. Calculate j(-5).
-5
Let p(w) = -36*w - 97. Determine p(-3).
11
Let n(q) = q + 19. Give n(-6).
13
Let a(t) = -t + 10. What is a(5)?
5
Let v(i) = -i**2 - 10*i + 9. Calculate v(1).
-2
Let n(v) = -v**3 + 20*v**2 - 20*v + 15. Determine n(19).
-4
Let n(w) = -3*w - 8. Determine n(-4).
4
Let f(s) = s**3 - 3*s**2 - 2*s + 11. What is f(3)?
5
Let g(n) = 2*n - 2. Give g(5).
8
Let a(u) = 2*u + 39. Determine a(-34).
-29
Let i(y) = y + 12. Give i(-10).
2
Let s(m) = -2*m**2 - 4*m. Give s(-3).
-6
Let d(k) = -2*k + 7. Give d(3).
1
Let g(q) = -q**2 